et c(s) = -47 - 5*s - 14 + 110 + 7*s - 13*s. What is c(4)?
5
Let w = 10 - 0. Let m(a) = -4*a**2 + 119802*a**3 - 5*a + 10*a**2 - 119801*a**3 - 10 - 11*a**2 - 4*a**2. Determine m(w).
40
Let r(b) = 22*b**3 + 2*b - 19. Let p(x) = 44*x**3 + 3*x - 31. Let u(o) = 3*p(o) - 5*r(o). Calculate u(1).
23
Let i(j) = 34*j - 28*j + 20 - 51078*j**3 + 11*j**2 + 51079*j**3. Give i(-11).
-46
Let u(o) = -o**2 - 12*o - 15. Suppose 14*n + 7 = 15*n. Suppose -11 = n*d - 8*d. Suppose -d = 3*y + 22. What is u(y)?
-4
Let w(q) be the second derivative of -q**3/2 - 3*q**2/2 - 5*q + 4. Give w(12).
-39
Let l(d) = d**2 - 4*d + 7. Let f = -591 - -596. Let p = 1 + -1. Suppose -25 = -p*j - f*j. Calculate l(j).
12
Let m(d) = -149*d + 69. Let p(n) = -94*n + 46. Let v(b) = -5*m(b) + 8*p(b). Calculate v(7).
-26
Let s(r) = -2*r**2 + 4*r + 4. Let j(o) = -o**3 + 33*o**2 + 63*o - 33. Let f(w) = w**3 - w - 1. Let u(g) = -2*f(g) - j(g). Let h be u(-31). Determine s(h).
-12
Suppose 0 = -2*n - 38 + 50. Let o(w) = -13*w + 4 - 5 + 5 + 4*w + n*w. Determine o(6).
-14
Let o(g) = 5*g**2 - 14. Let d(y) = -14*y**2 - 2*y + 40. Let z(p) = -4*d(p) - 11*o(p). Let c be 4*((-1)/(-1) + -3). What is z(c)?
-6
Let l(w) = 2*w**2 - 14*w + 10. Let r(z) = 13*z - 33*z + 1 + z**2 + 13*z + 4. Let x(q) = 6*l(q) - 11*r(q). Give x(5).
-5
Let t = -10 - -13. Suppose t*u - 4*b + 18 = 0, 2*u - 4*b = 6*u - 4. Let i(l) be the first derivative of -l**4/4 + 3*l**2/2 + l + 27. Determine i(u).
3
Suppose 5*g = -2*k + 5 - 3, -k = -2*g + 8. Suppose n + u + 6 = 0, -2*u + 4*u + 8 = g*n. Let d(w) = 3*w**2 + 1. What is d(n)?
4
Suppose -7*m = -5284 - 2493. Let h(r) = 4 - m*r - r**3 + 7*r**2 + 2218*r - 1115*r. Give h(6).
-8
Suppose -2*c - 10 = -14. Let s(u) = 0*u**2 - 85*u + 6*u**c - 6 - 5*u**2 + 78*u. What is s(6)?
-12
Let x(a) = a - 14. Let p(y) = -5*y**2 + 142*y + 756. Let w be p(33). Determine x(w).
-17
Let v(l) = 2*l - 1. Let y be v(-1). Let t(b) be the third derivative of -18*b**2 - 1/60*b**5 + 0*b**4 + 0*b + 1/2*b**3 + 0. Calculate t(y).
-6
Suppose -11*h - 1716 = -17*h. Let b(g) = -2*g - 297 + h + g. Calculate b(-5).
-6
Let f be (108/(-15))/(12/40). Let g be f/(-3) + (4 - 0). Let d(u) = -u + 24 - 18 - g. Give d(-3).
-3
Let j(c) be the first derivative of c**5/30 - c**4/12 - 10*c**3/3 - 3*c + 60. Let x(q) be the third derivative of j(q). Calculate x(-2).
-10
Let x(a) = 14*a + 4. Let t be x(3). Let v(o) = t*o - 3*o**2 + 0*o**2 + 2 - 52*o + 4*o**2. Suppose -14*k = -14 - 42. What is v(k)?
-6
Let g(t) be the third derivative of t**7/2520 - t**6/120 + t**5/20 + t**4/12 + 9*t**3 - 48*t**2. Let n(q) be the second derivative of g(q). Determine n(4).
-2
Let v(t) = t**3 - 11*t**2 + 18*t - 82. Let x be v(10). Let w(o) = -10*o**2 + 4*o + 3. Calculate w(x).
-45
Let j be (-7)/(-5) - (-21)/35. Let n be j + -1 + -4 + 3. Let h(p) = -92*p + 1 + 91*p + 7 - p**2. Determine h(n).
8
Let x(l) = 9*l - 30. Let q be x(3). Let y be q*(-12)/9 - 1. Let r(k) = -k**3 + 2*k**2 + 4*k - 1. Calculate r(y).
2
Suppose 62*p - 58*p + 35 = s, s - 8 = -5*p. Let g(l) = l**2 - 21*l - 57. Give g(s).
-11
Let t = -1896 + 1901. Let w(j) = 3*j**2 - 18*j - 1. What is w(t)?
-16
Suppose 7*w - 2*w = -25, 5*w + 33 = -2*c. Let q = 271 + -201. Let p(z) = -69 - q - 66 + 3*z + 207. What is p(c)?
-10
Let g be 11 - (4 + 5 - 2). Let s(c) = -2*c + 15. Let y(h) = -6*h + 46. Let j(n) = 10*s(n) - 3*y(n). What is j(g)?
4
Let n(x) = x**2 + 19*x - 15. Let p = 13668 - 13685. Give n(p).
-49
Let l(f) = 3*f + 9. Let u(b) = -b**3 + 28*b**2 + 31*b - 61. Let o be u(29). Let a be l(o). Let c(h) = h - 3. What is c(a)?
-3
Let t(o) = 9518*o**2 + 3*o - 22*o**3 + 0*o - 4*o - 9519*o**2 + 1. Let r = 4 + -16. Let w be (-4)/(-20) + r/(-15). What is t(w)?
-23
Let y(j) be the first derivative of -3*j**4/4 - 10*j**3/3 - 2*j**2 - 16*j + 7820. Give y(-4).
32
Let h(l) = -262*l + 9. Let s(o) = -352*o + 9. Let v(w) = 4*h(w) - 3*s(w). Calculate v(3).
33
Let k(f) = 5*f**2 - 16*f - 6. Let j(z) = 7*z**2 - 19*z - 7. Let q(w) = 5*j(w) - 6*k(w). Let g(s) = -s**2 - 11*s - 2. Let v be g(-11). Give q(v).
19
Let j(c) = c**2 - 2*c + 3. Let d = 8907 + -8902. What is j(d)?
18
Suppose -2195*b = -2193*b - 12. Let o(i) = -7 - b + 3*i - 7*i + 1 + 18. What is o(3)?
-6
Suppose -15*t - 17 = -77. Let b(m) = -3 - 124*m**2 + 119*m**2 - 4*m**3 + t*m + 3*m**3. Suppose -n = -4*j + 6, -5*n - 6*j + 5*j - 30 = 0. Calculate b(n).
9
Let d(x) = 3 + 4*x - 3*x - 4*x + 3. Suppose -42 = -4*r + 2*z, 5*z - 12 = 13. Suppose 8*q - 19 = r. Give d(q).
-6
Let p(w) = 25*w**3 - 2*w**2 + 3*w - 2. Let i be 10 + (-5)/(20/36). Determine p(i).
24
Let d(t) be the second derivative of t**5/24 + 5*t**4/24 + 13*t**3/6 + 3*t**2 + 232*t. Let f(s) be the second derivative of d(s). What is f(-4)?
-15
Let l be -2*10*(-15)/(-25). Let m(g) = g**2 + 11*g - 14. Calculate m(l).
-2
Suppose l = -2*z, -5*z + 0 - 7 = -l. Let m(b) be the second derivative of b**3/3 - b**2 + 2*b - 109. Give m(l).
2
Suppose -3 + 1 = -s. Suppose 5*d + 5*m - 6*m + 27 = 0, -s*d - 6 = -2*m. Let i(u) = -u**2 - 10*u - 4. Calculate i(d).
20
Let y(p) = 252187 - 252187 + 15*p. Suppose -4*k - 1 = -3*k. Determine y(k).
-15
Let w(i) = -7383*i + 10 + 3687*i + 3695*i. Suppose -4*k + 5*q + 47 = 0, -k + q = 4*k - 43. Give w(k).
2
Suppose -30 = 3*o - 33*o. Let i(g) = 2*g - 2*g**2 - 6 + 3*g**2 + 4 + o + 0. Determine i(3).
14
Let z(c) = 2*c + 3. Suppose -16*o = -345 - 135. Let g be (24/10)/(o/(-75)). What is z(g)?
-9
Let b(x) = -3*x**2 - 1. Let y(f) = 29*f**2 - 12*f + 8. Let r(q) = -9*b(q) - y(q). What is r(5)?
11
Let t(y) = y**3 - 4*y**2 - y + 2. Let s(j) = 22*j + 136. Let n(k) = -2*k**2 + 20*k - 6. Let l be n(10). Let f be s(l). Determine t(f).
-2
Let l(g) = -g**2 + g. Let v be 1 + -2 + -790 - 9. Let c be 4/18 + v/360. What is l(c)?
-6
Let m(q) = -4*q**2 - 4*q + 3. Let w(a) = -11*a**2 - 12*a + 7. Let o(g) = 8*m(g) - 3*w(g). Calculate o(-4).
3
Let c(b) be the third derivative of 1/120*b**6 + 0 - 13/60*b**5 + 50*b**2 + 11/24*b**4 + 0*b + 10/3*b**3. Calculate c(12).
8
Let k(v) = -96*v - 118. Let t(g) = 56*g + 60. Let h(m) = 3*k(m) + 5*t(m). Calculate h(-6).
-6
Let w(q) = -q**2 - 11*q + 24. Let r(k) = -21*k + 95. Let x be r(5). Give w(x).
34
Let g be (-21)/(-5) - (-7)/(-35). Suppose -y - 10 = -3*y + g*c, 3*y = -3*c - 12. Let f(q) = -10*q**3 - 1. Determine f(y).
9
Let q(y) be the third derivative of -y**6/720 - y**5/40 - y**4/24 - 14*y**3/3 - 35*y**2. Let a(k) be the second derivative of q(k). Determine a(-3).
0
Let x(g) be the first derivative of g**4/4 - 29*g**3/3 + 5*g**2/2 - 144*g + 3803. Give x(29).
1
Let q(o) = 6*o**3 + 5*o**2 - o. Let a(k) = 5*k**3 + 5*k**2 - 2*k - 1. Let u = -233 + 341. Let l = -112 + u. Let r(s) = l*q(s) + 5*a(s). What is r(-6)?
-5
Let a(v) = -v + 30. Let g = 3963 + -3948. Give a(g).
15
Let l(t) = -33*t - 26. Suppose 0 = o - c - 4, -3*o - 5*c = 18 + 10. What is l(o)?
7
Let p(b) = 98*b - 1495. Let l be p(15). Let h(s) = s**2 + 27*s + 55. Determine h(l).
5
Let d(u) = -u**2 - u - 1. Let l(z) = 6*z**2 + 44*z + 362. Let j(o) = 5*d(o) + l(o). Calculate j(-24).
-3
Let p(s) = -s**3 - 7*s**2 - 6*s - 9. Let y be 2 + (-1 - (0 - -3)). Let z be 0/y - 26/(-13). Suppose 17 = -2*t - 5*i, -2*t - 32 = 3*t + z*i. Calculate p(t).
-9
Let f(z) be the third derivative of z**4/12 + z**3/2 + 528*z**2. Let x(i) = i + 4 + 3 + 3*i. Let j(m) = -5*f(m) + 2*x(m). Give j(-4).
7
Let u(a) = -38*a + 90. Let h be u(6). Let f = 135 + h. Let r(k) = 2*k + 5. What is r(f)?
-1
Let c(w) be the second derivative of -11/2*w**2 - 2 - 2/3*w**4 - 1/20*w**5 - 5*w - 1/6*w**3. Calculate c(-8).
-3
Let w(f) = f**3 - 8*f**2 + 13*f - 4. Let j be w(6). Suppose -j*d + 14*g - 9*g + 12 = 0, -4*g = 2*d + 24. Let p(h) = -h**2 - 4*h + 3. Calculate p(d).
3
Let o(i) be the second derivative of -i**5/20 - i**4/3 + 4*i**3/3 + 3*i**2/2 - i. Let y(f) = -f**3 - 19*f**2 + 1556*f + 295. Let m be y(-50). Calculate o(m).
-12
Let h(g) = -39*g - 20. Let d(r) = 89*r + 25. Let l(k) = -3*d(k) - 7*h(k). What is l(-11)?
-1
Let d(u) be the third derivative of 0 - 1/6*u**4 + 7/6*u**3 + 0*u - 61*u**2. Determine d(6).
-17
Let s(f) = -f**3 - 4*f**2 + 5*f + 21. Let p = -325 - -322. Let l be s(p). Let z(n) = -2*n + 4. Calculate z(l).
10
Let o(y) be the second derivative of 5*y**3/2 + 74*y**2 + 168*y. Let p be o(-10). Let u(l) = 2*l**3 + 2*l**2 - 2. Give u(p).
-10
Let y(h) = -h + 10*h